{"id":15068,"date":"2011-12-25T14:24:37","date_gmt":"2011-12-25T14:24:37","guid":{"rendered":"http:\/\/da\u00f1ocerebral.es\/danio\/\/marta-garcia-carmona-2\/"},"modified":"2019-02-18T20:40:30","modified_gmt":"2019-02-18T20:40:30","slug":"marta-garcia-carmona-2","status":"publish","type":"page","link":"https:\/\/xn--daocerebral-2db.es\/eu\/giza-talde-aparta\/marta-garcia-carmona-2\/","title":{"rendered":"Marta Garc\u00eda Carmona"},"content":{"rendered":"\n<p> <img loading=\"lazy\" decoding=\"async\" class=\"alignright wp-image-33259\" title=\"Marta Garc\u00eda Carmona\" src=\"http:\/\/xn--daocerebral-2db.es\/wp-content\/uploads\/2011\/12\/Marta-Garc\u00eda.jpg\" alt=\"Marta-Garc\u00eda\" width=\"500\" height=\"751\" srcset=\"https:\/\/xn--daocerebral-2db.es\/wp-content\/uploads\/2011\/12\/Marta-Garc\u00eda.jpg 540w, https:\/\/xn--daocerebral-2db.es\/wp-content\/uploads\/2011\/12\/Marta-Garc\u00eda-199x300.jpg 199w\" sizes=\"(max-width: 500px) 100vw, 500px\" \/><\/p>\n<h3>Terapeuta ocupacional en el Servicio de Da\u00f1o Cerebral del Hospital Aita Menni<\/h3>\n<p><strong>La comunicaci\u00f3n y coordinaci\u00f3n con cada profesional del equipo es vital para poder realizar correctamente mi trabajo. La variedad de funciones que puedo desempe\u00f1ar resulta muy enriquecedora en el \u00e1mbito profesional, si bien todas ellas tienen como fin \u00faltimo aumentar el nivel de autonom\u00eda para las actividades de la vida diaria (AVD) b\u00e1sicas e instrumentales. Trabajo aspectos sensoriomotores del miembro superior para aumentar la funcionalidad en las tareas diarias.<\/strong><\/p>\n<p><strong>Por otro lado, mantengo contacto con las familias para entrenarlas en el manejo del paciente en las AVD, habilitar el entorno domiciliario y asesorarlas sobre los productos de apoyo que el paciente precisa para que pueda mantener el grado de autonom\u00eda conseguido, en su domicilio.<\/strong><\/p>\n<p>Durante los \u00faltimos a\u00f1os, he contando con la oportunidad de ampliar mis conocimientos en el campo de la tecnolog\u00eda de apoyo y centrada en la rehabilitaci\u00f3n, para lo que cuento con un apartamento dom\u00f3tico en el que he formado parte desde su dise\u00f1o. Actualmente, tambi\u00e9n disponemos en el Servicio de rob\u00f3tica para tratar el miembro superior.<\/p>\n<p>Siempre he tenido una gran vocaci\u00f3n. Pronto\u00a0comenz\u00f3 a despertarse en m\u00ed la necesidad de estar con personas discapacitadas, y m\u00e1s en concreto con patolog\u00edas neurol\u00f3gicas. Inicialmente compaginaba mis estudios con labores de voluntariado en Aspace y Dortoka (club deportivo de Aspace). Al finalizar mis estudios, empec\u00e9 a trabajar en la asociaci\u00f3n de esclerosis m\u00faltiple de Gipuzkoa.<\/p>\n<p>Esta vocaci\u00f3n ha ido aumentando gracias a la experiencia y la variedad cl\u00ednica que he encontrado en el campo de la neurolog\u00eda en Servicio de Da\u00f1o Cerebral del Hospital Aita-Menni, donde llevo trabajando desde el 2003.<strong>\u00a0<\/strong><\/p>\n<h4><strong>Formaci\u00f3n acad\u00e9mica<\/strong><\/h4>\n<p>&#8211; Diplomada en Terapia Ocupacional. E.U. de Ciencias de la Salud de la Universidad de Zaragoza. Junio de 2001.<\/p>\n<h4><strong>Formaci\u00f3n continuada. \u00daltimos cursos<\/strong><strong>\u00a0<\/strong><\/h4>\n<ul>\n<li>Jornadas de tecnolog\u00eda de apoyo de BJ Adaptaciones. 25 de abril de 2013, Bilbao. Organizado por BJ Adaptaciones.<\/li>\n<li>Curso de control motor orientado a actividades. Del 28 al 30 de enero de 2011, Zaragoza organizado por INEAVA, Instituto de Neurorrehabilitaci\u00f3n Avanzada.<\/li>\n<li>Seminario de conceptos b\u00e1sicos de la mano neurol\u00f3gica, 29 y 30 de octubre de 2010, Mondrag\u00f3n organizado por el servicio de da\u00f1o cerebral del Hospital Aita Menni.<\/li>\n<li>Curso de nuevas tecnolog\u00edas para la CAA y acceso al ordenador, 27 de junio del 2008, San Sebasti\u00e1n organizado por Etxetek, Diputaci\u00f3n Foral de Guipuzcoa.<\/li>\n<li>Curso de soluciones para el control del entorno en el domicilio, 13 de junio del 2008, San Sebasti\u00e1n organizado por\u00a0 Etxetek, Diputaci\u00f3n Foral de Guipuzcoa.<\/li>\n<li>Terapia ocupacional en el paciente con ACV. (1\u00ba Edici\u00f3n). 9\/10 de marzo y 24\/25 de marzo de 2007. Organizado por APETO.<\/li>\n<li>Rehabilitaci\u00f3n de las AVD b\u00e1sicas desde un enfoque interdisciplinar.28\/29 de octubre y 25\/26 de noviembre de 2006. Organizado por Astrane.<\/li>\n<li>Intervenci\u00f3n de terapia ocupacional en la mano neurol\u00f3gica. 6 y 7 de abril de 2006, Madrid. Organizado por Aytona.<\/li>\n<li>Curso de rehabilitaci\u00f3n de problemas de degluci\u00f3n en pacientes con da\u00f1o cerebral adquirido. 23-24 de octubre de 2004, Madrid. Organizado por Astrane.<\/li>\n<li>Curso de da\u00f1o cerebral adquirido y terapia ocupacional. 28-29 febrero, 6-7 y 13-14 marzo de 2004, Madrid. Organizado por APTOCAM y el <a title=\"Hospital Beata Mar\u00eda Ana\" href=\"http:\/\/xn--daocerebral-2db.es\/la-red-menni\/la-red-menni-en-madrid\/\" target=\"_blank\">Hospital Beata Mar\u00eda Ana<\/a>.<\/li>\n<li>Introducci\u00f3n a la teor\u00eda e intervenci\u00f3n terap\u00e9utica en integraci\u00f3n sensorial.11-12 de octubre 2003, Donostia. Organizado por Osakidetza y APTOE.<\/li>\n<li>Curso de movimiento normal &#8211; m\u00e9todo Bobath. 26-28 de septiembre\u00a0 de 2003, Bilbao. Organizado por escuela de Fisioterapia del Pa\u00eds Vasco.<\/li>\n<li>Curso de ayudas t\u00e9cnicas para terapeutas ocupacionales. 9-10 de noviembre de 2002, Madrid. Organizado por Terapia-Ocupacional.com.<\/li>\n<li>Curso de iniciaci\u00f3n al tratamiento de personas con problemas neurol\u00f3gicos<strong>.<\/strong>14-16 de Junio de 2002, Donostia. Organizado por Osakidetza y APTOE.<\/li>\n<\/ul>\n<p>&nbsp;<\/p>\n<h4><strong>Actividad docente<\/strong><\/h4>\n<p>&#8211; Ponente en la VI jornada sobre rehabilitaci\u00f3n integral en\u00a0 esclerosis m\u00faltiple, 11 de diciembre de 2002.<\/p>\n<p>&#8211; Docente en el Seminario de Terapia Ocupacional en DCA, 7 horas de duraci\u00f3n ,17 de noviembre de 2007.<\/p>\n<h4><strong>Experiencia laboral<\/strong><\/h4>\n<p>*\u00a0\u00a0\u00a0\u00a0\u00a0\u00a0\u00a0\u00a0 \u00a0Residencia geri\u00e1trica \u201cFaustino Orbegozo\u201d. Verano 2001.<\/p>\n<h4>*\u00a0\u00a0\u00a0\u00a0\u00a0\u00a0\u00a0\u00a0 Asociacion de Esclerosis M\u00faltiple de Gipuzkoa. Abril de 2002 hasta Abril 2003<em>.<\/em><\/h4>\n<p>*\u00a0\u00a0\u00a0\u00a0\u00a0\u00a0\u00a0\u00a0 Residencia geri\u00e1trica Alai-Etxe, Fundacion Matia. Julio de 2002 hasta abril 2003.<\/p>\n<p>*\u00a0\u00a0\u00a0\u00a0\u00a0\u00a0\u00a0\u00a0 Hogares jubilados. <em>Programas de estimulaci\u00f3n cognitiva. <\/em>Noviembre de 2002 hasta junio de 2003.<\/p>\n<p>*\u00a0\u00a0\u00a0\u00a0\u00a0\u00a0\u00a0\u00a0 Hospital Aita Menni. Unidad de Da\u00f1o Cerebral. Contrato laboral desde abril de 2003.<\/p>\n<h4><strong>Idiomas<\/strong><\/h4>\n<p><strong>&#8211;\u00a0<\/strong>Euskera<strong>\u00a0<\/strong><\/p>\n<h4><strong>Aficiones<\/strong><\/h4>\n<p>Durante mi carrera profesional he desarrollado proyectos, labores de voluntariado en Aspace y Dortoka\u00a0\u00a0(deporte adaptado de Aspace Gipuzkoa) as\u00ed como en varias residencias de tercera edad; he trabajado en situaciones donde el trabajo en equipo resulta esencial.<strong>\u00a0<\/strong><\/p>\n<p>Me gusta disfrutar de mi tiempo libre rodeada de mi familia y amigos, me encanta viajar y conocer lugares diferentes, disfrutar de la naturaleza y actividades al aire libre, escuchar m\u00fasica variada y la lectura.<\/p>\n<p>En este trabajo mi d\u00eda a d\u00eda es muy enriquecedor y motivante ya que la evoluci\u00f3n de los pacientes es muy positiva, y la cl\u00ednica con la que me encuentro es muy variada. Lo que m\u00e1s me gusta es poder ayudar a las personas a recuperar su autonom\u00eda en su vida diaria, poder valorar su entorno y entrenar a las familias para que se desenvuelvan en su domicilio.<\/p>\n<p>Pero sobre todo, lo m\u00e1s interesante es haber podido participar en el proyecto m\u00e1s importante de mi carrera profesional: poner en marcha un apartamento dom\u00f3tico, en el que contamos con gran variedad de tecnolog\u00eda de apoyo y productos de apoyo para poder entrenar a mis pacientes.<\/p>\n<p>Paralelamente me interesa much\u00edsimo el trabajo centrado en aspectos sensioriomotores para tratar los miembros superiores; hemos puesto en marcha un protocolo muy interesante y contamos con varios robots que nos facilitan la rehabilitaci\u00f3n de las extremidades superiores en nuestros pacientes.<strong>\u00a0<\/strong><\/p>\n<p><strong>Otros datos de inter\u00e9s<\/strong><\/p>\n<p>&#8211; Integrante del colegio de terapeutas ocupacionales de Euskadi (ETOLE)<br \/>\n&#8211; Tutora de estancias pr\u00e1cticas de estudiantes de Terapia Ocupacional. <\/p>\n","protected":false},"excerpt":{"rendered":"<p>Terapeuta ocupacional en el Servicio de Da\u00f1o Cerebral del Hospital Aita Menni La comunicaci\u00f3n y coordinaci\u00f3n con cada profesional del equipo es vital para poder realizar correctamente mi trabajo. La variedad de funciones que puedo desempe\u00f1ar resulta muy enriquecedora en el \u00e1mbito profesional, si bien todas ellas tienen como fin \u00faltimo aumentar el nivel de&hellip;<\/p>\n","protected":false},"author":3,"featured_media":11337,"parent":15076,"menu_order":0,"comment_status":"open","ping_status":"open","template":"","meta":{"footnotes":""},"_links":{"self":[{"href":"https:\/\/xn--daocerebral-2db.es\/eu\/wp-json\/wp\/v2\/pages\/15068"}],"collection":[{"href":"https:\/\/xn--daocerebral-2db.es\/eu\/wp-json\/wp\/v2\/pages"}],"about":[{"href":"https:\/\/xn--daocerebral-2db.es\/eu\/wp-json\/wp\/v2\/types\/page"}],"author":[{"embeddable":true,"href":"https:\/\/xn--daocerebral-2db.es\/eu\/wp-json\/wp\/v2\/users\/3"}],"replies":[{"embeddable":true,"href":"https:\/\/xn--daocerebral-2db.es\/eu\/wp-json\/wp\/v2\/comments?post=15068"}],"version-history":[{"count":0,"href":"https:\/\/xn--daocerebral-2db.es\/eu\/wp-json\/wp\/v2\/pages\/15068\/revisions"}],"up":[{"embeddable":true,"href":"https:\/\/xn--daocerebral-2db.es\/eu\/wp-json\/wp\/v2\/pages\/15076"}],"wp:featuredmedia":[{"embeddable":true,"href":"https:\/\/xn--daocerebral-2db.es\/eu\/wp-json\/wp\/v2\/media\/11337"}],"wp:attachment":[{"href":"https:\/\/xn--daocerebral-2db.es\/eu\/wp-json\/wp\/v2\/media?parent=15068"}],"curies":[{"name":"wp","href":"https:\/\/api.w.org\/{rel}","templated":true}]}}

http://dañocerebral.es/danio//marta-garcia-carmona-2/

Marta García Carmona

<p> <img loading="lazy" decoding="async" class="alignright wp-image-33259" title="Marta García Carmona" src="http://xn--daocerebral-2db.es/wp-content/uploads/2011/12/Marta-García.jpg" alt="Marta-García" width="500" height="751" srcset="https://xn--daocerebral-2db.es/wp-content/uploads/2011/12/Marta-García.jpg 540w, https://xn--daocerebral-2db.es/wp-content/uploads/2011/12/Marta-García-199x300.jpg 199w" sizes="(max-width: 500px) 100vw, 500px" /></p>
<h3>Terapeuta ocupacional en el Servicio de Daño Cerebral del Hospital Aita Menni</h3>
<p><strong>La comunicación y coordinación con cada profesional del equipo es vital para poder realizar correctamente mi trabajo. La variedad de funciones que puedo desempeñar resulta muy enriquecedora en el ámbito profesional, si bien todas ellas tienen como fin último aumentar el nivel de autonomía para las actividades de la vida diaria (AVD) básicas e instrumentales. Trabajo aspectos sensoriomotores del miembro superior para aumentar la funcionalidad en las tareas diarias.</strong></p>
<p><strong>Por otro lado, mantengo contacto con las familias para entrenarlas en el manejo del paciente en las AVD, habilitar el entorno domiciliario y asesorarlas sobre los productos de apoyo que el paciente precisa para que pueda mantener el grado de autonomía conseguido, en su domicilio.</strong></p>
<p>Durante los últimos años, he contando con la oportunidad de ampliar mis conocimientos en el campo de la tecnología de apoyo y centrada en la rehabilitación, para lo que cuento con un apartamento domótico en el que he formado parte desde su diseño. Actualmente, también disponemos en el Servicio de robótica para tratar el miembro superior.</p>
<p>Siempre he tenido una gran vocación. Pronto comenzó a despertarse en mí la necesidad de estar con personas discapacitadas, y más en concreto con patologías neurológicas. Inicialmente compaginaba mis estudios con labores de voluntariado en Aspace y Dortoka (club deportivo de Aspace). Al finalizar mis estudios, empecé a trabajar en la asociación de esclerosis múltiple de Gipuzkoa.</p>
<p>Esta vocación ha ido aumentando gracias a la experiencia y la variedad clínica que he encontrado en el campo de la neurología en Servicio de Daño Cerebral del Hospital Aita-Menni, donde llevo trabajando desde el 2003.<strong> </strong></p>
<h4><strong>Formación académica</strong></h4>
<p>&#8211; Diplomada en Terapia Ocupacional. E.U. de Ciencias de la Salud de la Universidad de Zaragoza. Junio de 2001.</p>
<h4><strong>Formación continuada. Últimos cursos</strong><strong> </strong></h4>
<ul>
<li>Jornadas de tecnología de apoyo de BJ Adaptaciones. 25 de abril de 2013, Bilbao. Organizado por BJ Adaptaciones.</li>
<li>Curso de control motor orientado a actividades. Del 28 al 30 de enero de 2011, Zaragoza organizado por INEAVA, Instituto de Neurorrehabilitación Avanzada.</li>
<li>Seminario de conceptos básicos de la mano neurológica, 29 y 30 de octubre de 2010, Mondragón organizado por el servicio de daño cerebral del Hospital Aita Menni.</li>
<li>Curso de nuevas tecnologías para la CAA y acceso al ordenador, 27 de junio del 2008, San Sebastián organizado por Etxetek, Diputación Foral de Guipuzcoa.</li>
<li>Curso de soluciones para el control del entorno en el domicilio, 13 de junio del 2008, San Sebastián organizado por  Etxetek, Diputación Foral de Guipuzcoa.</li>
<li>Terapia ocupacional en el paciente con ACV. (1º Edición). 9/10 de marzo y 24/25 de marzo de 2007. Organizado por APETO.</li>
<li>Rehabilitación de las AVD básicas desde un enfoque interdisciplinar.28/29 de octubre y 25/26 de noviembre de 2006. Organizado por Astrane.</li>
<li>Intervención de terapia ocupacional en la mano neurológica. 6 y 7 de abril de 2006, Madrid. Organizado por Aytona.</li>
<li>Curso de rehabilitación de problemas de deglución en pacientes con daño cerebral adquirido. 23-24 de octubre de 2004, Madrid. Organizado por Astrane.</li>
<li>Curso de daño cerebral adquirido y terapia ocupacional. 28-29 febrero, 6-7 y 13-14 marzo de 2004, Madrid. Organizado por APTOCAM y el <a title="Hospital Beata María Ana" href="http://xn--daocerebral-2db.es/la-red-menni/la-red-menni-en-madrid/" target="_blank">Hospital Beata María Ana</a>.</li>
<li>Introducción a la teoría e intervención terapéutica en integración sensorial.11-12 de octubre 2003, Donostia. Organizado por Osakidetza y APTOE.</li>
<li>Curso de movimiento normal &#8211; método Bobath. 26-28 de septiembre  de 2003, Bilbao. Organizado por escuela de Fisioterapia del País Vasco.</li>
<li>Curso de ayudas técnicas para terapeutas ocupacionales. 9-10 de noviembre de 2002, Madrid. Organizado por Terapia-Ocupacional.com.</li>
<li>Curso de iniciación al tratamiento de personas con problemas neurológicos<strong>.</strong>14-16 de Junio de 2002, Donostia. Organizado por Osakidetza y APTOE.</li>
</ul>
<p>&nbsp;</p>
<h4><strong>Actividad docente</strong></h4>
<p>&#8211; Ponente en la VI jornada sobre rehabilitación integral en  esclerosis múltiple, 11 de diciembre de 2002.</p>
<p>&#8211; Docente en el Seminario de Terapia Ocupacional en DCA, 7 horas de duración ,17 de noviembre de 2007.</p>
<h4><strong>Experiencia laboral</strong></h4>
<p>*          Residencia geriátrica “Faustino Orbegozo”. Verano 2001.</p>
<h4>*         Asociacion de Esclerosis Múltiple de Gipuzkoa. Abril de 2002 hasta Abril 2003<em>.</em></h4>
<p>*         Residencia geriátrica Alai-Etxe, Fundacion Matia. Julio de 2002 hasta abril 2003.</p>
<p>*         Hogares jubilados. <em>Programas de estimulación cognitiva. </em>Noviembre de 2002 hasta junio de 2003.</p>
<p>*         Hospital Aita Menni. Unidad de Daño Cerebral. Contrato laboral desde abril de 2003.</p>
<h4><strong>Idiomas</strong></h4>
<p><strong>&#8211; </strong>Euskera<strong> </strong></p>
<h4><strong>Aficiones</strong></h4>
<p>Durante mi carrera profesional he desarrollado proyectos, labores de voluntariado en Aspace y Dortoka  (deporte adaptado de Aspace Gipuzkoa) así como en varias residencias de tercera edad; he trabajado en situaciones donde el trabajo en equipo resulta esencial.<strong> </strong></p>
<p>Me gusta disfrutar de mi tiempo libre rodeada de mi familia y amigos, me encanta viajar y conocer lugares diferentes, disfrutar de la naturaleza y actividades al aire libre, escuchar música variada y la lectura.</p>
<p>En este trabajo mi día a día es muy enriquecedor y motivante ya que la evolución de los pacientes es muy positiva, y la clínica con la que me encuentro es muy variada. Lo que más me gusta es poder ayudar a las personas a recuperar su autonomía en su vida diaria, poder valorar su entorno y entrenar a las familias para que se desenvuelvan en su domicilio.</p>
<p>Pero sobre todo, lo más interesante es haber podido participar en el proyecto más importante de mi carrera profesional: poner en marcha un apartamento domótico, en el que contamos con gran variedad de tecnología de apoyo y productos de apoyo para poder entrenar a mis pacientes.</p>
<p>Paralelamente me interesa muchísimo el trabajo centrado en aspectos sensioriomotores para tratar los miembros superiores; hemos puesto en marcha un protocolo muy interesante y contamos con varios robots que nos facilitan la rehabilitación de las extremidades superiores en nuestros pacientes.<strong> </strong></p>
<p><strong>Otros datos de interés</strong></p>
<p>&#8211; Integrante del colegio de terapeutas ocupacionales de Euskadi (ETOLE)<br />
&#8211; Tutora de estancias prácticas de estudiantes de Terapia Ocupacional. </p>

<p>Terapeuta ocupacional en el Servicio de Daño Cerebral del Hospital Aita Menni La comunicación y coordinación con cada profesional del equipo es vital para poder realizar correctamente mi trabajo. La variedad de funciones que puedo desempeñar resulta muy enriquecedora en el ámbito profesional, si bien todas ellas tienen como fin último aumentar el nivel de&hellip;</p>
