{"id":15017,"date":"2011-12-17T13:07:07","date_gmt":"2011-12-17T13:07:07","guid":{"rendered":"http:\/\/da\u00f1ocerebral.es\/danio\/\/angela-fernandez-de-corres-3\/"},"modified":"2024-04-04T11:25:12","modified_gmt":"2024-04-04T11:25:12","slug":"angela-fernandez-de-corres-3","status":"publish","type":"page","link":"https:\/\/xn--daocerebral-2db.es\/ca\/el-teu-equip-de-tractament\/angela-fernandez-de-corres-3\/","title":{"rendered":"\u00c1ngela Fdez. de Corres"},"content":{"rendered":"\n<p><img decoding=\"async\" class=\"aligncenter size-full wp-image-16185\" src=\"http:\/\/xn--daocerebral-2db.es\/wp-content\/uploads\/2011\/12\/36V9046.jpg\" alt=\"\u00c1ngela Fern\u00e1ndez de Corres\" \/>\u00a0 <\/p>\n<h3><strong>Logopeda en el Centre de Rehabilitaci\u00f3 Neurol\u00f2gica de Bilbao<\/strong><\/h3>\n<p>&nbsp;<\/p>\n<p><strong>La meua vida laboral es troba vinculada a les Germanes Hospital\u00e0ries del Sagrat Cor de Jes\u00fas des del seu inici. S\u00f3c part de l\u2019equip multidisciplinar de la Unitat Ambulat\u00f2ria de Dany Cerebral de l\u2019Hospital Aita Menni a Bilbao. El treball que hi desenvolupe com a logopeda se circumscriuen a la rehabilitaci\u00f3 funcional del llenguatge en pacients amb dany cerebral adquirit.<\/strong><\/p>\n<p>La tasca rehabilitadora que faig a diari amb persones que presenten dificultats en la comunicaci\u00f3 \u00e9s reconfortant. La majoria de les vegades, aconsegueixes ser la seua connexi\u00f3 amb l\u2019entorn, el seu gran suport.<br \/>\nEl treball en equip \u00e9s el fort d\u2019aquesta faena, permet aprendre a valorar i respectar la contribuci\u00f3 de diverses disciplines per aconseguir l\u2019atenci\u00f3 integral de les persones a les que hi atenem.<\/p>\n<p><strong>Formaci\u00f3 acad\u00e8mica<\/strong><\/p>\n<p>&#8211; Diplomada en Logop\u00e8dia per la Universitat Pontif\u00edcia de Salamanca. 1993-1996. Les meues primeres pr\u00e0ctiques tingueren lloc en el mateix servei assistencial que disposa dita universitat.<br \/>\n&#8211; M\u00e0ster de Llenguatge a l\u2019Institut de Llenguatge i Desenvolupament. Madrid, 1996-1997.<br \/>\n-Curs de Psicopatologia del Desenvolupament del Llenguatge i Rehabilitaci\u00f3 a la Fundaci\u00f3 ICSE. Madrid, 1996-1997.<br \/>\n&#8211; Col\u2022laboraci\u00f3 volunt\u00e0ria a la Unitat d\u2019Aprenentatge i Logop\u00e8dia de l\u2019Hospital Ni\u00f1o Jes\u00fas de Madrid, d\u2019abril a juny de 1997.<\/p>\n<p><strong>Formaci\u00f3 continuada. \u00daltims cursos<\/strong><\/p>\n<p>&#8211; Rehabilitaci\u00f3 de problemes amb degluci\u00f3 en pacients amb dany cerebral sobrevingut. Astrane. Madrid, maig de 2005.<br \/>\n&#8211; Diagn\u00f2stic i tractament del pacient amb disf\u00e0gia. M\u00e8todes diagn\u00f2stics. Universitat Pontif\u00edcia de Salamanca. Juny de 2005.<br \/>\n&#8211; Disf\u00e0gia neur\u00f2gena. Com avaluar-la i tractar-la. Hospital Aita Menni. Donostia-Sant Sebasti\u00e0. Gener de 2006.<br \/>\n&#8211; Dis\u00e0rtria: avaluaci\u00f3 i rehabilitaci\u00f3. Hospital Aita Menni. Donostia-Sant Sebasti\u00e0. Febrer de 2008.<br \/>\n&#8211; I Jornada de logop\u00e8dia i dany cerebral adquirit. Diagn\u00f2stic i rehabilitaci\u00f3 de l\u2019af\u00e0sia. ATECE Vit\u00f2ria-Gasteiz. Abril de 2008.<br \/>\n&#8211; Participaci\u00f3, comunicaci\u00f3 i aprenentatge a l\u2019abast de tots. BJ Adaptaciones. Vit\u00f2ria, octubre de 2008.<\/p>\n<p><strong>Experi\u00e8ncia laboral<\/strong><\/p>\n<p>&#8211; Logopeda des de setembre de 1998 en el Servei Ambulatori de Dany Cerebral de l\u2019Hospital Aita Menni a Bilbao. Hui hi desenvolupe tasques d\u2019organitzaci\u00f3 i supervisi\u00f3 de l\u2019\u00e0rea.<br \/>\n&#8211; He col\u2022laborat amb la Universitat de Magisteri, especialitat Audici\u00f3 i llenguatge de Mondrag\u00f3n (Eskoriatza) impartint part de l\u2019assignatura Entzumenaren eta hizkuntzaren nahasteen hezkuntza tratamendua II. Anys 2006-2007-2008.<br \/>\n&#8211; Participe en la formaci\u00f3 espec\u00edfica que l\u2019hospital n\u2019ofereix a grups diversos, des de familiars i cuidadors de persones amb dany cerebral a professionals que participen en cursos organitzats pel col\u2022legi de metges de Biscaia y Guip\u00fascoa.<\/p>\n<p><strong>Idiomes<\/strong><\/p>\n<p>&#8211; Franc\u00e9s<br \/>\n&#8211; Euskara<\/p>\n<p><strong>Publicacions<\/strong><\/p>\n<p>&#8211; Coautora de l\u2019art\u00edcle Intervenci\u00f3n logop\u00e9dica en las alteraciones de la comunicaci\u00f3n consecutivas a da\u00f1o cerebral adquirido. Butllet\u00ed de l\u2019Associaci\u00f3 Espanyola de Logop\u00e8dia i Fonoaudiologia (AELFA). 1999.<\/p>\n<p><strong>Aficions<\/strong><\/p>\n<p>Gaudir el dia de cada dia amb la meua fam\u00edlia \u00e9s la meua major afici\u00f3. M\u2019agrada la natura, i prova d\u2019aix\u00f2 \u00e9s l\u2019entorn rural en el que hi visc. Amant dels animals, de l\u2019horticultura i de la jardineria. M\u2019encanta l\u2019esport, la meua vida ha girat al seu entorn. La meua passi\u00f3, el rugby, que ajuda a descarregar-me en el meu dia de cada dia. La bicicleta de muntanya \u00e9s la meua companya de vacances,\u00a0 per a mi com per a la meua fam\u00edlia. <\/p>\n","protected":false},"excerpt":{"rendered":"<p>\u00a0 Logopeda en el Centre de Rehabilitaci\u00f3 Neurol\u00f2gica de Bilbao &nbsp; La meua vida laboral es troba vinculada a les Germanes Hospital\u00e0ries del Sagrat Cor de Jes\u00fas des del seu inici. S\u00f3c part de l\u2019equip multidisciplinar de la Unitat Ambulat\u00f2ria de Dany Cerebral de l\u2019Hospital Aita Menni a Bilbao. El treball que hi desenvolupe com&hellip;<\/p>\n","protected":false},"author":3,"featured_media":0,"parent":15077,"menu_order":0,"comment_status":"closed","ping_status":"closed","template":"","meta":{"footnotes":""},"_links":{"self":[{"href":"https:\/\/xn--daocerebral-2db.es\/ca\/wp-json\/wp\/v2\/pages\/15017"}],"collection":[{"href":"https:\/\/xn--daocerebral-2db.es\/ca\/wp-json\/wp\/v2\/pages"}],"about":[{"href":"https:\/\/xn--daocerebral-2db.es\/ca\/wp-json\/wp\/v2\/types\/page"}],"author":[{"embeddable":true,"href":"https:\/\/xn--daocerebral-2db.es\/ca\/wp-json\/wp\/v2\/users\/3"}],"replies":[{"embeddable":true,"href":"https:\/\/xn--daocerebral-2db.es\/ca\/wp-json\/wp\/v2\/comments?post=15017"}],"version-history":[{"count":0,"href":"https:\/\/xn--daocerebral-2db.es\/ca\/wp-json\/wp\/v2\/pages\/15017\/revisions"}],"up":[{"embeddable":true,"href":"https:\/\/xn--daocerebral-2db.es\/ca\/wp-json\/wp\/v2\/pages\/15077"}],"wp:attachment":[{"href":"https:\/\/xn--daocerebral-2db.es\/ca\/wp-json\/wp\/v2\/media?parent=15017"}],"curies":[{"name":"wp","href":"https:\/\/api.w.org\/{rel}","templated":true}]}}

http://dañocerebral.es/danio//angela-fernandez-de-corres-3/

Ángela Fdez. de Corres

<p><img decoding="async" class="aligncenter size-full wp-image-16185" src="http://xn--daocerebral-2db.es/wp-content/uploads/2011/12/36V9046.jpg" alt="Ángela Fernández de Corres" />  </p>
<h3><strong>Logopeda en el Centre de Rehabilitació Neurològica de Bilbao</strong></h3>
<p>&nbsp;</p>
<p><strong>La meua vida laboral es troba vinculada a les Germanes Hospitalàries del Sagrat Cor de Jesús des del seu inici. Sóc part de l’equip multidisciplinar de la Unitat Ambulatòria de Dany Cerebral de l’Hospital Aita Menni a Bilbao. El treball que hi desenvolupe com a logopeda se circumscriuen a la rehabilitació funcional del llenguatge en pacients amb dany cerebral adquirit.</strong></p>
<p>La tasca rehabilitadora que faig a diari amb persones que presenten dificultats en la comunicació és reconfortant. La majoria de les vegades, aconsegueixes ser la seua connexió amb l’entorn, el seu gran suport.<br />
El treball en equip és el fort d’aquesta faena, permet aprendre a valorar i respectar la contribució de diverses disciplines per aconseguir l’atenció integral de les persones a les que hi atenem.</p>
<p><strong>Formació acadèmica</strong></p>
<p>&#8211; Diplomada en Logopèdia per la Universitat Pontifícia de Salamanca. 1993-1996. Les meues primeres pràctiques tingueren lloc en el mateix servei assistencial que disposa dita universitat.<br />
&#8211; Màster de Llenguatge a l’Institut de Llenguatge i Desenvolupament. Madrid, 1996-1997.<br />
-Curs de Psicopatologia del Desenvolupament del Llenguatge i Rehabilitació a la Fundació ICSE. Madrid, 1996-1997.<br />
&#8211; Col•laboració voluntària a la Unitat d’Aprenentatge i Logopèdia de l’Hospital Niño Jesús de Madrid, d’abril a juny de 1997.</p>
<p><strong>Formació continuada. Últims cursos</strong></p>
<p>&#8211; Rehabilitació de problemes amb deglució en pacients amb dany cerebral sobrevingut. Astrane. Madrid, maig de 2005.<br />
&#8211; Diagnòstic i tractament del pacient amb disfàgia. Mètodes diagnòstics. Universitat Pontifícia de Salamanca. Juny de 2005.<br />
&#8211; Disfàgia neurògena. Com avaluar-la i tractar-la. Hospital Aita Menni. Donostia-Sant Sebastià. Gener de 2006.<br />
&#8211; Disàrtria: avaluació i rehabilitació. Hospital Aita Menni. Donostia-Sant Sebastià. Febrer de 2008.<br />
&#8211; I Jornada de logopèdia i dany cerebral adquirit. Diagnòstic i rehabilitació de l’afàsia. ATECE Vitòria-Gasteiz. Abril de 2008.<br />
&#8211; Participació, comunicació i aprenentatge a l’abast de tots. BJ Adaptaciones. Vitòria, octubre de 2008.</p>
<p><strong>Experiència laboral</strong></p>
<p>&#8211; Logopeda des de setembre de 1998 en el Servei Ambulatori de Dany Cerebral de l’Hospital Aita Menni a Bilbao. Hui hi desenvolupe tasques d’organització i supervisió de l’àrea.<br />
&#8211; He col•laborat amb la Universitat de Magisteri, especialitat Audició i llenguatge de Mondragón (Eskoriatza) impartint part de l’assignatura Entzumenaren eta hizkuntzaren nahasteen hezkuntza tratamendua II. Anys 2006-2007-2008.<br />
&#8211; Participe en la formació específica que l’hospital n’ofereix a grups diversos, des de familiars i cuidadors de persones amb dany cerebral a professionals que participen en cursos organitzats pel col•legi de metges de Biscaia y Guipúscoa.</p>
<p><strong>Idiomes</strong></p>
<p>&#8211; Francés<br />
&#8211; Euskara</p>
<p><strong>Publicacions</strong></p>
<p>&#8211; Coautora de l’artícle Intervención logopédica en las alteraciones de la comunicación consecutivas a daño cerebral adquirido. Butlletí de l’Associació Espanyola de Logopèdia i Fonoaudiologia (AELFA). 1999.</p>
<p><strong>Aficions</strong></p>
<p>Gaudir el dia de cada dia amb la meua família és la meua major afició. M’agrada la natura, i prova d’això és l’entorn rural en el que hi visc. Amant dels animals, de l’horticultura i de la jardineria. M’encanta l’esport, la meua vida ha girat al seu entorn. La meua passió, el rugby, que ajuda a descarregar-me en el meu dia de cada dia. La bicicleta de muntanya és la meua companya de vacances,  per a mi com per a la meua família. </p>

<p>  Logopeda en el Centre de Rehabilitació Neurològica de Bilbao &nbsp; La meua vida laboral es troba vinculada a les Germanes Hospitalàries del Sagrat Cor de Jesús des del seu inici. Sóc part de l’equip multidisciplinar de la Unitat Ambulatòria de Dany Cerebral de l’Hospital Aita Menni a Bilbao. El treball que hi desenvolupe com&hellip;</p>
